{"id":5825,"date":"2020-12-15T16:22:05","date_gmt":"2020-12-15T15:22:05","guid":{"rendered":"http:\/\/chronopharma.fr\/?post_type=product&#038;p=5825"},"modified":"2025-11-12T14:29:37","modified_gmt":"2025-11-12T13:29:37","slug":"trod-covid-19-test-rapide-a-orientation-diagnostique-1-boites-25-tests-2","status":"publish","type":"product","link":"https:\/\/chronopharma.fr\/?product=trod-covid-19-test-rapide-a-orientation-diagnostique-1-boites-25-tests-2","title":{"rendered":"TROD COVID-19 Test S\u00e9rologique"},"content":{"rendered":"<p><strong>Test\u00e9 et approuv\u00e9 par le Minist\u00e8re de la sant\u00e9 selon les crit\u00e8res de la HAS<\/strong><\/p>\n<p>VISIBLE SUR LA PLATEFORM COVID-19 <u><strong>https:\/\/covid- 19.sante.gouv.fr\/tests<\/strong><\/u><\/p>\n<p>Une pr\u00e9vention rapide &amp; renforc\u00e9e au sein de l\u2019entreprise pour pr\u00e9venir et contr\u00f4ler l\u2019\u00e9pid\u00e9mie.<\/p>\n<p>Nouveau coronavirus (SARSCOV- 2) \u00e0 10-14 jours apr\u00e8s infection.<\/p>\n<p>*Sensibilit\u00e9 (vrai n\u00e9gatif):\u00a084% 7 \u00e0 13 jours apr\u00e8s infection100% 14 \u00e0 19 jours apr\u00e8s infection 92% 20 jours apr\u00e8s infection<\/p>\n<p>*Sp\u00e9cificit\u00e9 (vrai positif): 97%<\/p>\n<p>Immuno-dosage chromatographique pour la d\u00e9tection qualitative des anticorps et IgG et IgM au coronavirus covid 19.<\/p>\n<p>R\u00e9sultats en 10 minutes<br \/>\nEchantillon : Sang, s\u00e9rum, plasma<\/p>\n<p>Utilisation simple, sans \u00e9quipement additionnel, r\u00e9alisable par pharmacien d\u2019officine<\/p>\n<p>Pr\u00e9cision \u00e9lev\u00e9e : sensibilit\u00e9 et\u00a0sp\u00e9cificit\u00e9 IgG \/ IgM<\/p>\n","protected":false},"excerpt":{"rendered":"<p>40\u00a0bo\u00eetes \/ carton<\/p>\n<div id=\"gtx-trans\" style=\"position: absolute; left: -12px; top: 30px;\">\n<div class=\"gtx-trans-icon\"><\/div>\n<\/div>\n","protected":false},"featured_media":6323,"comment_status":"open","ping_status":"closed","template":"","meta":{"_monsterinsights_skip_tracking":false,"_monsterinsights_sitenote_active":false,"_monsterinsights_sitenote_note":"","_monsterinsights_sitenote_category":0},"product_cat":[305,230],"product_tag":[277,297,276,281,296,283,274],"bundled_by":[],"bundle_stock_status":"instock","bundle_stock_quantity":99975,"bundle_virtual":false,"bundle_layout":"","bundle_add_to_cart_form_location":"","bundle_editable_in_cart":false,"bundle_sold_individually_context":"","bundle_item_grouping":"","bundle_min_size":"","bundle_max_size":"","bundled_items":[],"bundle_sell_ids":[],"yoast_head":"<!-- This site is optimized with the Yoast SEO plugin v16.5 - https:\/\/yoast.com\/wordpress\/plugins\/seo\/ -->\n<title>TROD COVID-19 Test S\u00e9rologique - Chronopharma<\/title>\n<meta name=\"description\" content=\"\u00c9quipements m\u00e9dicaux avec un excellent rapport qualit\u00e9 prix. Livraison sous 24H ouvr\u00e9es. Livraison gratuite pour toute commande sup\u00e9rieure \u00e0 130\u20ac\" \/>\n<meta name=\"robots\" content=\"index, follow, max-snippet:-1, max-image-preview:large, max-video-preview:-1\" \/>\n<link rel=\"canonical\" href=\"https:\/\/chronopharma.fr\/?product=trod-covid-19-test-rapide-a-orientation-diagnostique-1-boites-25-tests-2\" \/>\n<meta property=\"og:locale\" content=\"fr_FR\" \/>\n<meta property=\"og:type\" content=\"article\" \/>\n<meta property=\"og:title\" content=\"TROD COVID-19 Test S\u00e9rologique - Chronopharma\" \/>\n<meta property=\"og:description\" content=\"\u00c9quipements m\u00e9dicaux avec un excellent rapport qualit\u00e9 prix. Livraison sous 24H ouvr\u00e9es. Livraison gratuite pour toute commande sup\u00e9rieure \u00e0 130\u20ac\" \/>\n<meta property=\"og:url\" content=\"https:\/\/chronopharma.fr\/?product=trod-covid-19-test-rapide-a-orientation-diagnostique-1-boites-25-tests-2\" \/>\n<meta property=\"og:site_name\" content=\"Chronopharma\" \/>\n<meta property=\"article:modified_time\" content=\"2025-11-12T13:29:37+00:00\" \/>\n<meta property=\"og:image\" content=\"https:\/\/chronopharma.fr\/wp-content\/uploads\/2020\/12\/Optimized-test.jpg\" \/>\n\t<meta property=\"og:image:width\" content=\"600\" \/>\n\t<meta property=\"og:image:height\" content=\"600\" \/>\n<meta name=\"twitter:card\" content=\"summary_large_image\" \/>\n<meta name=\"twitter:label1\" content=\"Dur\u00e9e de lecture est.\" \/>\n\t<meta name=\"twitter:data1\" content=\"1 minute\" \/>\n<script type=\"application\/ld+json\" class=\"yoast-schema-graph\">{\"@context\":\"https:\/\/schema.org\",\"@graph\":[{\"@type\":\"Organization\",\"@id\":\"https:\/\/chronopharma.fr\/#organization\",\"name\":\"Chronopharma\",\"url\":\"https:\/\/chronopharma.fr\/\",\"sameAs\":[\"https:\/\/www.linkedin.com\/company\/pierre-yves-medical\/\"],\"logo\":{\"@type\":\"ImageObject\",\"@id\":\"https:\/\/chronopharma.fr\/#logo\",\"inLanguage\":\"fr-FR\",\"url\":\"http:\/\/chronopharma.fr\/wp-content\/uploads\/2021\/07\/cropped-Logo-2.png\",\"contentUrl\":\"http:\/\/chronopharma.fr\/wp-content\/uploads\/2021\/07\/cropped-Logo-2.png\",\"width\":512,\"height\":512,\"caption\":\"Chronopharma\"},\"image\":{\"@id\":\"https:\/\/chronopharma.fr\/#logo\"}},{\"@type\":\"WebSite\",\"@id\":\"https:\/\/chronopharma.fr\/#website\",\"url\":\"https:\/\/chronopharma.fr\/\",\"name\":\"Chronopharma\",\"description\":\"Mat\\u00e9riel m\\u00e9dical d\\u00e9di\\u00e9 \\u00e0 la protection contre les virus\",\"publisher\":{\"@id\":\"https:\/\/chronopharma.fr\/#organization\"},\"potentialAction\":[{\"@type\":\"SearchAction\",\"target\":\"https:\/\/chronopharma.fr\/?s={search_term_string}\",\"query-input\":\"required name=search_term_string\"}],\"inLanguage\":\"fr-FR\"},{\"@type\":\"ImageObject\",\"@id\":\"https:\/\/chronopharma.fr\/?product=trod-covid-19-test-rapide-a-orientation-diagnostique-1-boites-25-tests-2#primaryimage\",\"inLanguage\":\"fr-FR\",\"url\":\"https:\/\/chronopharma.fr\/wp-content\/uploads\/2020\/12\/Optimized-test.jpg\",\"contentUrl\":\"https:\/\/chronopharma.fr\/wp-content\/uploads\/2020\/12\/Optimized-test.jpg\",\"width\":600,\"height\":600,\"caption\":\"Trod test\"},{\"@type\":\"WebPage\",\"@id\":\"https:\/\/chronopharma.fr\/?product=trod-covid-19-test-rapide-a-orientation-diagnostique-1-boites-25-tests-2#webpage\",\"url\":\"https:\/\/chronopharma.fr\/?product=trod-covid-19-test-rapide-a-orientation-diagnostique-1-boites-25-tests-2\",\"name\":\"TROD COVID-19 Test S\\u00e9rologique - Chronopharma\",\"isPartOf\":{\"@id\":\"https:\/\/chronopharma.fr\/#website\"},\"primaryImageOfPage\":{\"@id\":\"https:\/\/chronopharma.fr\/?product=trod-covid-19-test-rapide-a-orientation-diagnostique-1-boites-25-tests-2#primaryimage\"},\"datePublished\":\"2020-12-15T15:22:05+00:00\",\"dateModified\":\"2025-11-12T13:29:37+00:00\",\"description\":\"\\u00c9quipements m\\u00e9dicaux avec un excellent rapport qualit\\u00e9 prix. Livraison sous 24H ouvr\\u00e9es. Livraison gratuite pour toute commande sup\\u00e9rieure \\u00e0 130\\u20ac\",\"breadcrumb\":{\"@id\":\"https:\/\/chronopharma.fr\/?product=trod-covid-19-test-rapide-a-orientation-diagnostique-1-boites-25-tests-2#breadcrumb\"},\"inLanguage\":\"fr-FR\",\"potentialAction\":[{\"@type\":\"ReadAction\",\"target\":[\"https:\/\/chronopharma.fr\/?product=trod-covid-19-test-rapide-a-orientation-diagnostique-1-boites-25-tests-2\"]}]},{\"@type\":\"BreadcrumbList\",\"@id\":\"https:\/\/chronopharma.fr\/?product=trod-covid-19-test-rapide-a-orientation-diagnostique-1-boites-25-tests-2#breadcrumb\",\"itemListElement\":[{\"@type\":\"ListItem\",\"position\":1,\"name\":\"Accueil\",\"item\":\"https:\/\/chronopharma.fr\/\"},{\"@type\":\"ListItem\",\"position\":2,\"name\":\"Shop\",\"item\":\"https:\/\/chronopharma.fr\/?page_id=3853\"},{\"@type\":\"ListItem\",\"position\":3,\"name\":\"TROD COVID-19 Test S\\u00e9rologique\"}]}]}<\/script>\n<!-- \/ Yoast SEO plugin. -->","_links":{"self":[{"href":"https:\/\/chronopharma.fr\/index.php?rest_route=\/wp\/v2\/product\/5825"}],"collection":[{"href":"https:\/\/chronopharma.fr\/index.php?rest_route=\/wp\/v2\/product"}],"about":[{"href":"https:\/\/chronopharma.fr\/index.php?rest_route=\/wp\/v2\/types\/product"}],"replies":[{"embeddable":true,"href":"https:\/\/chronopharma.fr\/index.php?rest_route=%2Fwp%2Fv2%2Fcomments&post=5825"}],"wp:featuredmedia":[{"embeddable":true,"href":"https:\/\/chronopharma.fr\/index.php?rest_route=\/wp\/v2\/media\/6323"}],"wp:attachment":[{"href":"https:\/\/chronopharma.fr\/index.php?rest_route=%2Fwp%2Fv2%2Fmedia&parent=5825"}],"wp:term":[{"taxonomy":"product_cat","embeddable":true,"href":"https:\/\/chronopharma.fr\/index.php?rest_route=%2Fwp%2Fv2%2Fproduct_cat&post=5825"},{"taxonomy":"product_tag","embeddable":true,"href":"https:\/\/chronopharma.fr\/index.php?rest_route=%2Fwp%2Fv2%2Fproduct_tag&post=5825"}],"curies":[{"name":"wp","href":"https:\/\/api.w.org\/{rel}","templated":true}]}}